{"id":62,"date":"2016-01-02T22:54:48","date_gmt":"2016-01-02T22:54:48","guid":{"rendered":"http:\/\/cardiologiasurdegranada.com\/?page_id=62"},"modified":"2024-03-06T16:28:35","modified_gmt":"2024-03-06T16:28:35","slug":"prueba-de-esfuerzo","status":"publish","type":"page","link":"http:\/\/cardiologiasurdegranada.com\/?page_id=62","title":{"rendered":"PRUEBA DE ESFUERZO"},"content":{"rendered":"<p><img decoding=\"async\" loading=\"lazy\" class=\"aligncenter\" src=\"http:\/\/www.clinicamagnasalud.es\/wp-content\/uploads\/2013\/09\/ergometria.jpg\" alt=\"\" width=\"632\" height=\"297\"><\/p>\n<p>La prueba de esfuerzo es un test m\u00e9dico usado&nbsp;en el campo de la cardiolog\u00eda y la medicina deportiva para analizar el rendimiento del sujeto. Debe ser realizado siempre por un cardi\u00f3logo o un m\u00e9dico entrenado en la interpretaci\u00f3n del trazado electrocardiogr\u00e1fico con el esfuerzo adem\u00e1s de poseer conocimientos en reanimaci\u00f3n cardiopulmonar por si surgieran problemas.<\/p>\n<p>La prueba de esfuerzo est\u00e1 encaminada a dos objetivos:<img decoding=\"async\" loading=\"lazy\" class=\"alignright\" src=\"http:\/\/img.medicalexpo.es\/images_me\/photo-g\/68135-5940561.jpg\" alt=\"\" width=\"195\" height=\"260\"><\/p>\n<ol>\n<li>El diagn\u00f3stico de problemas cardiacos en relaci\u00f3n con el esfuerzo como angina de pecho, arritmias cardiacas o problemas de tensi\u00f3n arterial.<\/li>\n<li>La valoraci\u00f3n del rendimiento&nbsp;y los rangos de entrenamiento mediante la frecuencia cardiaca m\u00e1xima y el an\u00e1lisis del consumo de gases.<\/li>\n<\/ol>\n<p>En el centro de rendimiento <a href=\"http:\/\/cardiologiasurdegranada.com\/?page_id=183\">ERGOSPORT <\/a>disponemos de la tecnolog\u00eda para realizar la prueba de esfuerzo cardiol\u00f3gica y con consumo de gases para la valoraci\u00f3n completa del rendimiento del deportista. No solo se lleva a cabo un protocolo incremental sino que se realiza un reconocimiento global cardiovascular para evaluar el rendimiento y prevenir patolog\u00edas cardiacas relacionadas con la muerte s\u00fabita.<\/p>\n","protected":false},"excerpt":{"rendered":"<p>La prueba de esfuerzo es un test m\u00e9dico usado&nbsp;en el campo de la cardiolog\u00eda y la medicina deportiva para analizar el rendimiento del sujeto. Debe ser realizado siempre por un<\/p>\n<p><a href=\"http:\/\/cardiologiasurdegranada.com\/?page_id=62\" class=\"more-link\">Continue Reading<span class=\"screen-reader-text\">PRUEBA DE ESFUERZO<\/span><\/a><\/p>\n","protected":false},"author":1,"featured_media":0,"parent":443,"menu_order":0,"comment_status":"closed","ping_status":"closed","template":"","meta":[],"_links":{"self":[{"href":"http:\/\/cardiologiasurdegranada.com\/index.php?rest_route=\/wp\/v2\/pages\/62"}],"collection":[{"href":"http:\/\/cardiologiasurdegranada.com\/index.php?rest_route=\/wp\/v2\/pages"}],"about":[{"href":"http:\/\/cardiologiasurdegranada.com\/index.php?rest_route=\/wp\/v2\/types\/page"}],"author":[{"embeddable":true,"href":"http:\/\/cardiologiasurdegranada.com\/index.php?rest_route=\/wp\/v2\/users\/1"}],"replies":[{"embeddable":true,"href":"http:\/\/cardiologiasurdegranada.com\/index.php?rest_route=%2Fwp%2Fv2%2Fcomments&post=62"}],"version-history":[{"count":7,"href":"http:\/\/cardiologiasurdegranada.com\/index.php?rest_route=\/wp\/v2\/pages\/62\/revisions"}],"predecessor-version":[{"id":458,"href":"http:\/\/cardiologiasurdegranada.com\/index.php?rest_route=\/wp\/v2\/pages\/62\/revisions\/458"}],"up":[{"embeddable":true,"href":"http:\/\/cardiologiasurdegranada.com\/index.php?rest_route=\/wp\/v2\/pages\/443"}],"wp:attachment":[{"href":"http:\/\/cardiologiasurdegranada.com\/index.php?rest_route=%2Fwp%2Fv2%2Fmedia&parent=62"}],"curies":[{"name":"wp","href":"https:\/\/api.w.org\/{rel}","templated":true}]}}